 9, what is -7 - -468?
461
In base 14, what is -2 - -b2?
b0
In base 10, what is -4 + -86?
-90
In base 10, what is 37 - -3?
40
In base 6, what is -143 - 1?
-144
In base 5, what is 32 + 1242?
1324
In base 11, what is -32 - -18a?
158
In base 16, what is 47 - -6d?
b4
In base 11, what is -a6 + 15?
-91
In base 9, what is 172 + 0?
172
In base 2, what is -110 - 110011111?
-110100101
In base 13, what is -59 - -8?
-51
In base 10, what is 37 + 4?
41
In base 4, what is -1322330 + 10?
-1322320
In base 7, what is 36 + 23?
62
In base 11, what is -17 - -4?
-13
In base 5, what is 2140 - 1?
2134
In base 5, what is 3 - -300?
303
In base 12, what is 75 + -25?
50
In base 7, what is 350 - -5?
355
In base 9, what is -1656 + -4?
-1661
In base 8, what is 157 - 1?
156
In base 7, what is -120 + 4?
-113
In base 15, what is 3c5 + -6?
3be
In base 9, what is 6 + 2?
8
In base 7, what is -103 + 3?
-100
In base 12, what is 485 - -6?
48b
In base 4, what is -2212 + 121?
-2031
In base 14, what is 3 + -11a4?
-11a1
In base 5, what is 0 - -4020?
4020
In base 5, what is 1 + 33423?
33424
In base 16, what is -2b79 - 4?
-2b7d
In base 16, what is -287 - -5?
-282
In base 11, what is -968 + -1?
-969
In base 2, what is -101000101101 + -11?
-101000110000
In base 2, what is 1111010 + 11?
1111101
In base 16, what is bfa1 - 3?
bf9e
In base 8, what is 20 - 404?
-364
In base 2, what is -110000100 + 10?
-110000010
In base 4, what is -2133 + 1?
-2132
In base 5, what is 1304 - 20?
1234
In base 5, what is 342 - 4?
333
In base 7, what is 5301 + 2?
5303
In base 13, what is 5 - -2b8?
2c0
In base 7, what is 20 + 53?
103
In base 7, what is 13 + 13?
26
In base 15, what is 3 + 12?
15
In base 2, what is -100010111101 - 100?
-100011000001
In base 5, what is -402 - -423?
21
In base 11, what is 3 - 69?
-66
In base 10, what is -14 + 361?
347
In base 3, what is 101 + 0?
101
In base 7, what is -363 - 0?
-363
In base 7, what is -1601 - -21?
-1550
In base 4, what is -111130 - -13?
-111111
In base 14, what is 659 + -1?
658
In base 15, what is -5 + -29d?
-2a3
In base 10, what is -1472 + -7?
-1479
In base 14, what is 1 - 195?
-194
In base 14, what is 5 - 25?
-20
In base 13, what is -50a + 0?
-50a
In base 12, what is -265 - 3?
-268
In base 16, what is -8 - 15?
-1d
In base 6, what is -21322 + -2?
-21324
In base 3, what is 0 - 102202?
-102202
In base 7, what is -11 - -5050?
5036
In base 7, what is -264 + -3?
-300
In base 10, what is -60 + -2?
-62
In base 14, what is -4 - -39d?
399
In base 6, what is 1200 + 0?
1200
In base 9, what is 27 + 112?
140
In base 10, what is -2 - 642?
-644
In base 16, what is 2e - 2?
2c
In base 15, what is -8b - -9?
-82
In base 16, what is 8e - 4?
8a
In base 4, what is 220 + -1?
213
In base 6, what is -15 + 1153?
1134
In base 2, what is 11011 - -10111110?
11011001
In base 16, what is -21 + 32?
11
In base 4, what is -1023 - 3?
-1032
In base 3, what is -2100 + 0?
-2100
In base 2, what is 0 + 101001?
101001
In base 6, what is 41 + 222?
303
In base 3, what is 2 - 2111000?
-2110221
In base 6, what is 454 - 0?
454
In base 16, what is -4 - -55?
51
In base 9, what is 32 - -8?
41
In base 3, what is -110 - 120202?
-121012
In base 6, what is 5 - 1242?
-1233
In base 6, what is 4 + 1343?
1351
In base 6, what is 2 - -5334?
5340
In base 15, what is 366 + -9?
35c
In base 7, what is -342 - 4?
-346
In base 8, what is -143 + 3?
-140
In base 15, what is 228 - 6?
222
In base 12, what is 13 - -238?
24b
In base 4, what is -100313 + 2?
-100311
In base 7, what is -1064 - -135?
-626
In base 11, what is -a4 - -7?
-98
In base 8, what is -10 + 23?
13
In base 3, what is 11 - -1222122?
1222210
In base 9, what is -4 + 2584?
2580
In base 10, what is -25 + -170?
-195
In base 12, what is 2 + 920?
922
In base 10, what is 492 - -3?
495
In base 16, what is -4 - 22?
-26
In base 5, what is 3 - 43?
-40
In base 7, what is -1105 - -2?
-1103
In base 16, what is 0 - -38f?
38f
In base 12, what is 4 - 9b?
-97
In base 7, what is 222 - 26?
163
In base 16, what is 7f - 3?
7c
In base 9, what is -2 + 160?
157
In base 7, what is -340 + -30?
-400
In base 8, what is -2 + 33?
31
In base 14, what is 3 + -d94?
-d91
In base 5, what is -23 + -21?
-44
In base 14, what is -68 + -4?
-6c
In base 7, what is -5 + -460?
-465
In base 8, what is -1640 + 0?
-1640
In base 2, what is 0 - -1010101?
1010101
In base 14, what is -2 + 5d5?
5d3
In base 14, what is -55 - -6?
-4d
In base 2, what is 111101011010 - 1?
111101011001
In base 4, what is -10 - 2330?
-3000
In base 9, what is -5 + 1128?
1123
In base 12, what is 3 + 27?
2a
In base 3, what is -11 - 12110?
-12121
In base 5, what is -10 + 232?
222
In base 2, what is -1011000 + 10?
-1010110
In base 4, what is -11 + 312?
301
In base 6, what is 43 - -1213?
1300
In base 14, what is a5 + 3?
a8
In base 5, what is -4 + -244?
-303
In base 9, what is 35 - -88?
134
In base 5, what is 4 + 1131?
1140
In base 11, what is -6 + -43?
-49
In base 8, what is 3725 + 3?
3730
In base 9, what is 7 + -327?
-320
In base 8, what is 7635 + 0?
7635
In base 6, what is 5 - 400?
-351
In base 6, what is 13 - 2?
11
In base 7, what is 2 + 13?
15
In base 13, what is -c - 8a6?
-8b5
In base 2, what is -101 - 11100?
-100001
In base 11, what is 9 - 343?
-335
In base 11, what is -108 + -21?
-129
In base 4, what is -33 + -11?
-110
In base 7, what is 334 + -2?
332
In base 5, what is -2210201 + 0?
-2210201
In base 9, what is 1 - 12?
-11
In base 3, what is 0 - 122200?
-122200
In base 16, what is 0 - -147?
147
In base 10, what is 109 + 6?
115
In base 10, what is -179 - -2?
-177
In base 3, what is 1010 - -21?
1101
In base 15, what is 1d - -7?
25
In base 15, what is 3910 - -3?
3913
In base 2, what is 10 - -1001111011101?
1001111011111
In base 7, what is 16 - -15?
34
In base 13, what is 192 + -5?
18a
In base 10, what is -2 + 301?
299
In base 14, what is d5 - 3?
d2
In base 12, what is -8 - -9?
1
In base 14, what is -d41 + 2?
-d3d
In base 12, what is -1 + -39?
-3a
In base 11, what is 2 - 760?
-759
In base 12, what is -1a + 11?
-9
In base 3, what is 112111 + -101?
112010
In base 5, what is 404 + 3?
412
In base 10, what is 31 + -53?
-22
In base 15, what is -15 + 105?
e0
In base 15, what is -1c9 + -4?
-1cd
In base 6, what is 24 + 1422?
1450
In base 14, what is 2 + -3?
-1
In base 14, what is 49 + 0?
49
In base 10, what is -18 + -8?
-26
In base 2, what is 100100 - -10011110?
11000010
In base 4, what is -112 - 20?
-132
In base 9, what is -167 + 6?
-161
In base 7, what is -5 + 133?
125
In base 6, what is -3000 + 0?
-3000
In base 16, what is -4 + -298?
-29c
In base 4, what is 2 - -12?
20
In base 3, what is 20 - 1120?
-1100
In base 12, what is -3 - -214?
211
In base 12, what is 5 - 55?
-50
In base 6, what is 5 + -2242?
-2233
In base 5, what is 2 + 332?
334
In base 11, what is a7 - 0?
a7
In base 6, what is 401 + 253?
1054
In base 4, what is 2311 - 1?
2310
In base 3, what is -2101 - -2?
-2022
In base 4, what is 2 - -113123?
113131
In base 9, what is 4020 - 2?
4017
In base 4, what is 300 - -2320?
3220
In base 13, what is 20 + 254?
274
In base 3, what is 1020121201 - -10?
1020121211
In base 7, what is 4 - -11534?
11541
In base 15, what is 3 - -2b4?
2b7
In base 8, what is 4 - -22?
26
In base 2, what is 11101 - 1?
11100
In base 16, what is -4 + 300?
2fc
In base 8, what is 2 - 45?
-43
In base 4, what is 210 - 332?
-122
In base 10, what is -224 + -24?
-248
In base 2, what is 10 + -1100101?
-1100011
In base 14, what is 0 + 54?
54
In base 16, what is -b - -9c?
91
In base 10, what is 2 + 2262?
2264
In base 2, what is 1001 + -1101001?
-1100000
In base 3, what is -2111021 + -1?
-2111022
In base 5, what is 1 + -21402?
-21401
In base 4, what is -10120 + -31?
-10211
In base 10, what is -7 - 1042?
-1049
In base 2, what is -1100 + 0?
-1100
In base 3, what is 22102 - -100?
22202
In base 13, what is -506 + -3?
-509
In base 8, what is -1 + 430?
427
In base 16, what is -2 - 60f?
-611
In base 11, what is 10 + -23?
-13
In base 7, what is -26230 + -4?
-26234
In base 8, what is 2274 + 24?
2320
In base 16, what is 14 + -b?
9
In base 13, what is 2 - 7b?
-79
In base 6, what is -5 - 151?
-200
In base 15, what is 4 + 1987?
198b
In base 3, what is -11 - -10022100?
10022012
In base 9, what is -23 - -5?
-17
In base 16, what is 7b + -7?
74
In base 15, what is 4015 - -2?
4017
In base 14, what is -bd3 + 5?
-bc